{"id":615,"date":"2021-07-15T14:29:20","date_gmt":"2021-07-15T12:29:20","guid":{"rendered":"https:\/\/cpm.osupytheas.fr\/?page_id=615"},"modified":"2021-08-23T15:53:10","modified_gmt":"2021-08-23T13:53:10","slug":"turkey-es","status":"publish","type":"page","link":"https:\/\/cpm.osupytheas.fr\/index.php\/es\/turkey-es\/","title":{"rendered":"Turqu\u00eda"},"content":{"rendered":"\n<p class=\"has-small-font-size\"><em><em>T\u00edtulo<\/em>:\u00a0<strong>Fluye con el reba\u00f1o<\/strong>  A\u00f1o: 2014  Lugar:\u00a0Montes Tauro (Turqu\u00eda) Autor &amp; Copyright: Eda Elif TIBET<\/em><\/p>\n\n\n\n<div style=\"height:50px\" aria-hidden=\"true\" class=\"wp-block-spacer\"><\/div>\n\n\n\n<h2 class=\"wp-block-heading\"><strong><strong>TIERRAS COMUNALES EN DESAPARICI\u00d3N (Turqu\u00eda)<\/strong><\/strong><\/h2>\n\n\n\n<p>Los pastores trashumantes de Oriente Medio cuentan con una riqueza de conocimientos en lo relativo al movimiento, mientras se asientan siempre solo temporalmente. En entornos \u00e1ridos y secos sobreviven; en lugares voluptuosos y verdes prosperan. Algunas tribus kurdas, como los Ko\u00e7er, acceden a los montes Karacadag al sureste de Turqu\u00eda; y otras, como los Sarikecili, a los Montes Tauro, al sur de Turqu\u00eda mirando al Mediterr\u00e1neo. Se mudan anualmente a pie con sus familias y reba\u00f1os, recorriendo cientos de kil\u00f3metros hasta alcanzar los pastos de verano. Estas poblaciones y sus reba\u00f1os de cabras y caballos preservan varios y valiosos ecosistemas, junto con tierras biol\u00f3gicamente enriquecidas a trav\u00e9s de sus movimientos trashumantes que distribuyen semillas y formatean los paisajes a trav\u00e9s de todo su recorrido\u2026 Cuando no est\u00e1n siendo activamente amenazados, son dejados en el olvido, mientras el mundo sigue cambiando y les amenaza de todos modos. Esta es su historia entrelazada de elementos naturales y luchas por su supervivencia. &nbsp;<\/p>\n\n\n\n<div style=\"height:50px\" aria-hidden=\"true\" class=\"wp-block-spacer\"><\/div>\n\n\n\n<figure class=\"wp-block-image alignfull size-large\"><img loading=\"lazy\" decoding=\"async\" width=\"1024\" height=\"683\" src=\"https:\/\/cpm.osupytheas.fr\/wp-content\/uploads\/2021\/05\/T2-1024x683.jpg\" alt=\"\" class=\"wp-image-106\" srcset=\"https:\/\/cpm.osupytheas.fr\/wp-content\/uploads\/2021\/05\/T2-1024x683.jpg 1024w, https:\/\/cpm.osupytheas.fr\/wp-content\/uploads\/2021\/05\/T2-300x200.jpg 300w, https:\/\/cpm.osupytheas.fr\/wp-content\/uploads\/2021\/05\/T2-768x512.jpg 768w, https:\/\/cpm.osupytheas.fr\/wp-content\/uploads\/2021\/05\/T2-1536x1024.jpg 1536w, https:\/\/cpm.osupytheas.fr\/wp-content\/uploads\/2021\/05\/T2-2048x1365.jpg 2048w, https:\/\/cpm.osupytheas.fr\/wp-content\/uploads\/2021\/05\/T2-1568x1045.jpg 1568w\" sizes=\"auto, (max-width: 1024px) 100vw, 1024px\" \/><\/figure>\n\n\n\n<p><em><em>T\u00edtulo<\/em>:\u00a0<strong>Alimentar es nuestro deber<\/strong> <br>A\u00f1o:\u00a02016 <br>Lugar:\u00a0Karacadag (Turqu\u00eda)<br>Autor &amp; Copyright: G\u00fcl Ertunan KARAASLAN<\/em><\/p>\n\n\n\n<div style=\"height:50px\" aria-hidden=\"true\" class=\"wp-block-spacer\"><\/div>\n\n\n\n<figure class=\"wp-block-image alignfull size-large\"><img loading=\"lazy\" decoding=\"async\" width=\"1024\" height=\"683\" src=\"https:\/\/cpm.osupytheas.fr\/wp-content\/uploads\/2021\/05\/T3-1024x683.jpg\" alt=\"\" class=\"wp-image-107\" srcset=\"https:\/\/cpm.osupytheas.fr\/wp-content\/uploads\/2021\/05\/T3-1024x683.jpg 1024w, https:\/\/cpm.osupytheas.fr\/wp-content\/uploads\/2021\/05\/T3-300x200.jpg 300w, https:\/\/cpm.osupytheas.fr\/wp-content\/uploads\/2021\/05\/T3-768x512.jpg 768w, https:\/\/cpm.osupytheas.fr\/wp-content\/uploads\/2021\/05\/T3-1536x1024.jpg 1536w\" sizes=\"auto, (max-width: 1024px) 100vw, 1024px\" \/><\/figure>\n\n\n\n<p><em><em>T\u00edtulo<\/em>:\u00a0<strong>La tierra es nuestra madre<\/strong> <br>A\u00f1o:\u00a02016 <br>Lugar:\u00a0Karacadag (Turqu\u00eda)<br>Autor &amp; Copyright: G\u00fcl Ertunan KARAASLAN<\/em><\/p>\n\n\n\n<div style=\"height:50px\" aria-hidden=\"true\" class=\"wp-block-spacer\"><\/div>\n\n\n\n<figure class=\"wp-block-image alignfull size-large\"><img loading=\"lazy\" decoding=\"async\" width=\"1024\" height=\"539\" src=\"https:\/\/cpm.osupytheas.fr\/wp-content\/uploads\/2021\/05\/T4-1024x539.jpg\" alt=\"\" class=\"wp-image-108\" srcset=\"https:\/\/cpm.osupytheas.fr\/wp-content\/uploads\/2021\/05\/T4-1024x539.jpg 1024w, https:\/\/cpm.osupytheas.fr\/wp-content\/uploads\/2021\/05\/T4-300x158.jpg 300w, https:\/\/cpm.osupytheas.fr\/wp-content\/uploads\/2021\/05\/T4-768x404.jpg 768w, https:\/\/cpm.osupytheas.fr\/wp-content\/uploads\/2021\/05\/T4.jpg 1434w\" sizes=\"auto, (max-width: 1024px) 100vw, 1024px\" \/><\/figure>\n\n\n\n<p><em><em>T\u00edtulo<\/em>:\u00a0<strong>Posici\u00f3n de los dos pastos de monta\u00f1a y sus principales v\u00edas de trashumancia\u00a0\u00a0<\/strong> <br>A\u00f1o:\u00a02021 <br>Lugar:\u00a0Monta\u00f1as Tauro y monta\u00f1as Karacadag (Turqu\u00eda)<br>Autor &amp; Copyright:\u00a0Pablo Dom\u00ednguez (y cortes\u00eda de Google Earth).<\/em><\/p>\n\n\n\n<div style=\"height:50px\" aria-hidden=\"true\" class=\"wp-block-spacer\"><\/div>\n\n\n\n<h2 class=\"wp-block-heading\"><strong><strong>Tierra<\/strong><\/strong><\/h2>\n\n\n\n<figure class=\"wp-block-image alignfull size-large\"><img loading=\"lazy\" decoding=\"async\" width=\"1024\" height=\"683\" src=\"https:\/\/cpm.osupytheas.fr\/wp-content\/uploads\/2021\/05\/T5-1024x683.jpg\" alt=\"\" class=\"wp-image-109\" srcset=\"https:\/\/cpm.osupytheas.fr\/wp-content\/uploads\/2021\/05\/T5-1024x683.jpg 1024w, https:\/\/cpm.osupytheas.fr\/wp-content\/uploads\/2021\/05\/T5-300x200.jpg 300w, https:\/\/cpm.osupytheas.fr\/wp-content\/uploads\/2021\/05\/T5-768x512.jpg 768w, https:\/\/cpm.osupytheas.fr\/wp-content\/uploads\/2021\/05\/T5-1536x1024.jpg 1536w\" sizes=\"auto, (max-width: 1024px) 100vw, 1024px\" \/><\/figure>\n\n\n\n<p><em><em>T\u00edtulo<\/em>:\u00a0<strong>Tierras comunales y comunidad<\/strong> <br>A\u00f1o:\u00a02016 <br>Lugar:\u00a0Karacadag (Turqu\u00eda)<br>Autor &amp; Copyright: G\u00fcl Ertunan KARAASLAN<\/em><\/p>\n\n\n\n<div style=\"height:50px\" aria-hidden=\"true\" class=\"wp-block-spacer\"><\/div>\n\n\n\n<p>Para las poblaciones trashumantes, la tierra no es sin\u00f3nimo de terreno: carecen de dicho sentido sedentario de la propiedad. La tierra es el camino que atraviesa el bosque, los acantilados impert\u00e9rritos, el moho y los pinos, y finalmente\u2026 las praderas. La tierra es cualquier lugar en el que puedan plantar su yurt (tienda). La tribu de los Sarikecili cuenta con una poblaci\u00f3n n\u00f3mada de 170 a 180 yurts, cada una de las cuales consta aproximadamente de una familia, que acompa\u00f1a a los pastores a todos los lugares, junto con sus cabras y ovejas. Del mismo modo que su antigua especie de cabras (<em>Capra Aegagrus Hircus<\/em>, de la cual se sabe que habitaba Anatolia ya desde el 7200 a. C), estas comunidades se adaptan a duras condiciones clim\u00e1ticas. Pero por bien que se hayan adaptado a las demandas de la naturaleza a lo largo de los siglos, tienen poco que hacer en lo que se refiere a fronteras y conflictos nacionales. La mayor\u00eda de tierras comunales para el pastoreo de los trashumantes kurdos han sido divididas en cuatro pa\u00edses: Siria, Turqu\u00eda, Iraq e Ir\u00e1n. Estas fronteras han reducido significativamente sus movimientos junto con los territorios de los que viven, dificultando cada vez m\u00e1s su acceso a los pastos que son su vida, y creando para ellos desaf\u00edos nada insignificantes.<\/p>\n\n\n\n<div style=\"height:50px\" aria-hidden=\"true\" class=\"wp-block-spacer\"><\/div>\n\n\n\n<h2 class=\"wp-block-heading\"><strong><strong>Fuego<\/strong><\/strong><\/h2>\n\n\n\n<figure class=\"wp-block-image alignfull size-large\"><img loading=\"lazy\" decoding=\"async\" width=\"1024\" height=\"683\" src=\"https:\/\/cpm.osupytheas.fr\/wp-content\/uploads\/2021\/05\/T6-1024x683.jpg\" alt=\"\" class=\"wp-image-110\" srcset=\"https:\/\/cpm.osupytheas.fr\/wp-content\/uploads\/2021\/05\/T6-1024x683.jpg 1024w, https:\/\/cpm.osupytheas.fr\/wp-content\/uploads\/2021\/05\/T6-300x200.jpg 300w, https:\/\/cpm.osupytheas.fr\/wp-content\/uploads\/2021\/05\/T6-768x512.jpg 768w, https:\/\/cpm.osupytheas.fr\/wp-content\/uploads\/2021\/05\/T6-1536x1024.jpg 1536w, https:\/\/cpm.osupytheas.fr\/wp-content\/uploads\/2021\/05\/T6-2048x1365.jpg 2048w, https:\/\/cpm.osupytheas.fr\/wp-content\/uploads\/2021\/05\/T6-1568x1045.jpg 1568w\" sizes=\"auto, (max-width: 1024px) 100vw, 1024px\" \/><\/figure>\n\n\n\n<p><em><em>T\u00edtulo<\/em>:\u00a0<strong>El hogar es ah\u00ed donde tengas tu yurt<\/strong> <br>A\u00f1o:\u00a02014 <br>Lugar:\u00a0Montes Tauro (Turqu\u00eda)<br>Autor &amp; Copyright:\u00a0Eda Elif TIBET<\/em><\/p>\n\n\n\n<div style=\"height:50px\" aria-hidden=\"true\" class=\"wp-block-spacer\"><\/div>\n\n\n\n<p>Las cabras trashumantes preservan los caminos tradicionales, dejando tras de s\u00ed los arbustos estrictamente necesarios para su posterior renovaci\u00f3n natural, al tiempo que dispersan semillas en vastas zonas por medio de sus heces. Abren corredores mientras caminan a trav\u00e9s de los bosques de pino, se comen gran parte de la vegetaci\u00f3n inflamable y protegen a la sociedad en su totalidad. Y, a pesar de todo, se les culpa de los fuegos incontrolados, que, de hecho, \u00a1mantienen controlados! &nbsp;Emplear a las cabras como chivos expiatorios \u00bfno es ir\u00f3nico? \u00bfNo ser\u00e1 acaso que los fuegos y la erosi\u00f3n de dichas zonas, por no mencionar la sequ\u00eda y desertificaci\u00f3n, son de hecho producto de los obst\u00e1culos impuestos al pastoreo trashumante?<\/p>\n\n\n\n<div style=\"height:50px\" aria-hidden=\"true\" class=\"wp-block-spacer\"><\/div>\n\n\n\n<h2 class=\"wp-block-heading\"><strong><strong>Agua<\/strong><\/strong><\/h2>\n\n\n\n<figure class=\"wp-block-image alignfull size-large\"><img loading=\"lazy\" decoding=\"async\" width=\"1024\" height=\"683\" src=\"https:\/\/cpm.osupytheas.fr\/wp-content\/uploads\/2021\/05\/T7-1024x683.jpg\" alt=\"\" class=\"wp-image-111\" srcset=\"https:\/\/cpm.osupytheas.fr\/wp-content\/uploads\/2021\/05\/T7-1024x683.jpg 1024w, https:\/\/cpm.osupytheas.fr\/wp-content\/uploads\/2021\/05\/T7-300x200.jpg 300w, https:\/\/cpm.osupytheas.fr\/wp-content\/uploads\/2021\/05\/T7-768x512.jpg 768w, https:\/\/cpm.osupytheas.fr\/wp-content\/uploads\/2021\/05\/T7-1536x1024.jpg 1536w, https:\/\/cpm.osupytheas.fr\/wp-content\/uploads\/2021\/05\/T7-2048x1365.jpg 2048w, https:\/\/cpm.osupytheas.fr\/wp-content\/uploads\/2021\/05\/T7-1568x1045.jpg 1568w\" sizes=\"auto, (max-width: 1024px) 100vw, 1024px\" \/><\/figure>\n\n\n\n<p><em><em>T\u00edtulo<\/em>:\u00a0<strong>A la caza de culpables<\/strong> <br>A\u00f1o: 2014 <br>Lugar:\u00a0R\u00edo G\u00f6ksu,Montes Tauro (Turqu\u00eda)<br>Autor &amp; Copyright:\u00a0Eda Elif TIBET<\/em><\/p>\n\n\n\n<div style=\"height:50px\" aria-hidden=\"true\" class=\"wp-block-spacer\"><\/div>\n\n\n\n<figure class=\"wp-block-image alignfull size-large\"><img loading=\"lazy\" decoding=\"async\" width=\"1024\" height=\"683\" src=\"https:\/\/cpm.osupytheas.fr\/wp-content\/uploads\/2021\/05\/T8-1024x683.jpg\" alt=\"\" class=\"wp-image-112\" srcset=\"https:\/\/cpm.osupytheas.fr\/wp-content\/uploads\/2021\/05\/T8-1024x683.jpg 1024w, https:\/\/cpm.osupytheas.fr\/wp-content\/uploads\/2021\/05\/T8-300x200.jpg 300w, https:\/\/cpm.osupytheas.fr\/wp-content\/uploads\/2021\/05\/T8-768x512.jpg 768w, https:\/\/cpm.osupytheas.fr\/wp-content\/uploads\/2021\/05\/T8-1536x1024.jpg 1536w, https:\/\/cpm.osupytheas.fr\/wp-content\/uploads\/2021\/05\/T8-2048x1365.jpg 2048w, https:\/\/cpm.osupytheas.fr\/wp-content\/uploads\/2021\/05\/T8-1568x1045.jpg 1568w\" sizes=\"auto, (max-width: 1024px) 100vw, 1024px\" \/><\/figure>\n\n\n\n<p><em><em>T\u00edtulo<\/em>:\u00a0<strong>Unidad sintiente<\/strong> <br>A\u00f1o: 2014 <br>Lugar:\u00a0Montes Tauro (Turqu\u00eda)<br>Autor &amp; Copyright:\u00a0Eda Elif TIBET<\/em><\/p>\n\n\n\n<div style=\"height:50px\" aria-hidden=\"true\" class=\"wp-block-spacer\"><\/div>\n\n\n\n<p>El agua sol\u00eda correr paralela a los caminos tradicionales de los n\u00f3madas. Sol\u00eda cruzarse en sus caminos. Pod\u00edas verla cuando el bosque se abr\u00eda en el valle. Cabras y caballos, y camellos antes que ellos, la ol\u00edan y encontraban de modo natural. Aquellos que caminaban con ellos pod\u00edan entonces contar con el agua, pero hoy las fuentes han desaparecido casi en todas partes. Sequ\u00edas, agriculturas intensivas, desv\u00edos de cauces provocados por centrales hidroel\u00e9ctricas y presas, han destruido el equilibrio. Hoy, las familias necesitan almacenar el agua en dep\u00f3sitos m\u00f3viles, lo cual dificulta que puedan seguir empleando sus rutas tradicionales. Necesitan utilizar caminos motorizados, que son peligrosos para ellos y sus cabras. Se dice que, en el futuro, el agua ser\u00e1 m\u00e1s valiosa que el oro. En este caso, tal aseveraci\u00f3n es ya una realidad.<\/p>\n\n\n\n<div style=\"height:50px\" aria-hidden=\"true\" class=\"wp-block-spacer\"><\/div>\n\n\n\n<figure class=\"wp-block-image alignfull size-large\"><img loading=\"lazy\" decoding=\"async\" width=\"1024\" height=\"683\" src=\"https:\/\/cpm.osupytheas.fr\/wp-content\/uploads\/2021\/05\/T9-1024x683.jpg\" alt=\"\" class=\"wp-image-113\" srcset=\"https:\/\/cpm.osupytheas.fr\/wp-content\/uploads\/2021\/05\/T9-1024x683.jpg 1024w, https:\/\/cpm.osupytheas.fr\/wp-content\/uploads\/2021\/05\/T9-300x200.jpg 300w, https:\/\/cpm.osupytheas.fr\/wp-content\/uploads\/2021\/05\/T9-768x512.jpg 768w, https:\/\/cpm.osupytheas.fr\/wp-content\/uploads\/2021\/05\/T9-1536x1024.jpg 1536w, https:\/\/cpm.osupytheas.fr\/wp-content\/uploads\/2021\/05\/T9-2048x1365.jpg 2048w, https:\/\/cpm.osupytheas.fr\/wp-content\/uploads\/2021\/05\/T9-1568x1045.jpg 1568w\" sizes=\"auto, (max-width: 1024px) 100vw, 1024px\" \/><\/figure>\n\n\n\n<p><em><em>T\u00edtulo<\/em>:\u00a0<strong>Dep\u00f3sito de agua<\/strong> <br>A\u00f1o:\u00a02014 <br>Lugar:\u00a0Montes Tauro (Turqu\u00eda)<br>Autor &amp; Copyright: Eda Elif TIBET<\/em><\/p>\n\n\n\n<div style=\"height:50px\" aria-hidden=\"true\" class=\"wp-block-spacer\"><\/div>\n\n\n\n<h2 class=\"wp-block-heading\"><strong><strong>Aire<\/strong><\/strong><\/h2>\n\n\n\n<figure class=\"wp-block-image alignfull size-large\"><img loading=\"lazy\" decoding=\"async\" width=\"1024\" height=\"683\" src=\"https:\/\/cpm.osupytheas.fr\/wp-content\/uploads\/2021\/05\/T10-1024x683.jpg\" alt=\"\" class=\"wp-image-114\" srcset=\"https:\/\/cpm.osupytheas.fr\/wp-content\/uploads\/2021\/05\/T10-1024x683.jpg 1024w, https:\/\/cpm.osupytheas.fr\/wp-content\/uploads\/2021\/05\/T10-300x200.jpg 300w, https:\/\/cpm.osupytheas.fr\/wp-content\/uploads\/2021\/05\/T10-768x512.jpg 768w, https:\/\/cpm.osupytheas.fr\/wp-content\/uploads\/2021\/05\/T10-1536x1024.jpg 1536w\" sizes=\"auto, (max-width: 1024px) 100vw, 1024px\" \/><\/figure>\n\n\n\n<p><em><em>T\u00edtulo<\/em>:\u00a0<strong>La p\u00e9rdida de las tierras comunales y la desertificaci\u00f3n<\/strong> <br>A\u00f1o:\u00a02016 <br>Lugar:\u00a0Karacadag<\/em> <em>(Turqu\u00eda)<br>Autor &amp; Copyright: G\u00fcl Ertunan KARAASLAN<\/em><\/p>\n\n\n\n<div style=\"height:50px\" aria-hidden=\"true\" class=\"wp-block-spacer\"><\/div>\n\n\n\n<p>Son vol\u00e1tiles. Como las gotas de agua, caen con sus yurts y sus cabras para desaparecer con el primer rayo de sol. Sin embargo, las poblaciones trashumantes existen, y son depositarias de conocimientos y tradiciones profundamente enraizadas, no limitadas a una localizaci\u00f3n concreta. No pueden simplemente desaparecer, ni tan solo detenerse y asentarse. Ya es dif\u00edcil para ellos encontrar un lugar en los inviernos, al carecer a menudo de permisos de residencia, y estando a merced de terratenientes que cada vez con mayor frecuencia exigen de ellos grandes sumas de dinero a cambio de acoger reba\u00f1os trashumantes.<\/p>\n\n\n\n<p>Pero cuando est\u00e1n entre ellos, permanecen como siempre, \u00a1libres como el aire!<\/p>\n\n\n\n<div style=\"height:50px\" aria-hidden=\"true\" class=\"wp-block-spacer\"><\/div>\n\n\n\n<figure class=\"wp-block-image alignfull size-large\"><img loading=\"lazy\" decoding=\"async\" width=\"1024\" height=\"683\" src=\"https:\/\/cpm.osupytheas.fr\/wp-content\/uploads\/2021\/05\/T11-1024x683.jpg\" alt=\"\" class=\"wp-image-115\" srcset=\"https:\/\/cpm.osupytheas.fr\/wp-content\/uploads\/2021\/05\/T11-1024x683.jpg 1024w, https:\/\/cpm.osupytheas.fr\/wp-content\/uploads\/2021\/05\/T11-300x200.jpg 300w, https:\/\/cpm.osupytheas.fr\/wp-content\/uploads\/2021\/05\/T11-768x512.jpg 768w, https:\/\/cpm.osupytheas.fr\/wp-content\/uploads\/2021\/05\/T11-1536x1024.jpg 1536w\" sizes=\"auto, (max-width: 1024px) 100vw, 1024px\" \/><\/figure>\n\n\n\n<p><em><em>T\u00edtulo<\/em>:\u00a0<strong>Premisas y promesas del futuro<\/strong> <br>A\u00f1o:\u00a02016 <br>Lugar:\u00a0Karacadag<\/em> <em>(Turqu\u00eda)<br>Autor &amp; Copyright:\u00a0G\u00fcl Ertunan KARAASLAN<\/em><\/p>\n\n\n\n<div style=\"height:50px\" aria-hidden=\"true\" class=\"wp-block-spacer\"><\/div>\n\n\n\n<figure class=\"wp-block-video\"><video height=\"540\" style=\"aspect-ratio: 960 \/ 540;\" width=\"960\" controls poster=\"https:\/\/cpm.osupytheas.fr\/wp-content\/uploads\/2021\/07\/Hey-Gec\u0327i-_-Hey-Goat-Trailer_thumb1.jpg\" src=\"https:\/\/cpm.osupytheas.fr\/wp-content\/uploads\/2021\/06\/Hey-Gec\u0327i-_-Hey-Goat-Trailer.mp4\"><\/video><\/figure>\n\n\n\n<p><em><em>T\u00edtulo<\/em>:\u00a0<strong>Trailer \u00a1Ey cabra!<\/strong> <br>A\u00f1o:\u00a02014 <br>Lugar:\u00a0 Montes Tauro, Turqu\u00eda<br>Autor &amp; Copyright:\u00a0Eda Elif Tibet &amp; KARMAMOTION <br><\/em><a href=\"https:\/\/vimeo.com\/95512123\">Ver Trailer<\/a> &#8211; <a href=\"https:\/\/youtu.be\/VjzkQgfqCGQ\">Ver Pel\u00edcula completa<\/a> &#8211; <a href=\"https:\/\/www.karmamotion.com\/hey-goat\">Sitio web<\/a>\u00a0\u00a0\u00a0\u00a0\u00a0\u00a0\u00a0\u00a0\u00a0\u00a0\u00a0\u00a0\u00a0\u00a0\u00a0\u00a0<\/p>\n\n\n\n<hr class=\"wp-block-separator is-style-dots\"\/>\n\n\n\n<div style=\"height:50px\" aria-hidden=\"true\" class=\"wp-block-spacer\"><\/div>\n\n\n\n<p><strong>Agradecimientos<\/strong><\/p>\n\n\n\n<p>Quisi\u00e9ramos dar las gracias a los miembros de la familia G\u00f6k (Sarikecili) y al l\u00edder de nuestro proyecto Nature Culture, el Banu Aydinoglugil y al miembro de equipo Mithat Marul por su valioso apoyo y su gu\u00eda a trav\u00e9s del viaje trashumante que hemos realizado con ellos en los Montes Tauro. Damos las gracias a KARMAMOTION por documentar la historia de la familia G\u00f6k y hacerla accesible a p\u00fablicos m\u00e1s amplios. Agradecemos las contribuciones de la Fundaci\u00f3n Doga en Turqu\u00eda y al Consorcio Mediterr\u00e1neo para Naturaleza y Cultura junto con la Fundaci\u00f3n MAVA por su apoyo financiero a lo largo de nuestro periplo.<\/p>\n\n\n\n<p>Tambi\u00e9n quisi\u00e9ramos agradecer Sedat Kiran, Hamza Agan, Casim Agan, a toda la tribu Kejan y a la Asociaci\u00f3n Kocer por compartir este viaje y tradiciones con G\u00fcl Ertunan KARAASLAN.<\/p>\n\n\n\n<div style=\"height:50px\" aria-hidden=\"true\" class=\"wp-block-spacer\"><\/div>\n\n\n\n<p><strong>Texto y composici\u00f3n<\/strong> por Eda Elif TIBET, G\u00fcl Ertunan KARAASLAN, B\u00fcsra SAHIN y Pablo DOMINGUEZ.<\/p>\n\n\n\n<hr class=\"wp-block-separator is-style-dots\"\/>\n\n\n\n<div style=\"height:50px\" aria-hidden=\"true\" class=\"wp-block-spacer\"><\/div>\n","protected":false},"excerpt":{"rendered":"<p>T\u00edtulo:\u00a0Fluye con el reba\u00f1o A\u00f1o: 2014 Lugar:\u00a0Montes Tauro (Turqu\u00eda) Autor &amp; Copyright: Eda Elif TIBET TIERRAS COMUNALES EN DESAPARICI\u00d3N (Turqu\u00eda) Los pastores trashumantes de Oriente &hellip;<\/p>\n","protected":false},"author":2,"featured_media":105,"parent":0,"menu_order":5,"comment_status":"closed","ping_status":"closed","template":"","meta":{"footnotes":""},"class_list":["post-615","page","type-page","status-publish","has-post-thumbnail","hentry"],"_links":{"self":[{"href":"https:\/\/cpm.osupytheas.fr\/index.php\/wp-json\/wp\/v2\/pages\/615","targetHints":{"allow":["GET"]}}],"collection":[{"href":"https:\/\/cpm.osupytheas.fr\/index.php\/wp-json\/wp\/v2\/pages"}],"about":[{"href":"https:\/\/cpm.osupytheas.fr\/index.php\/wp-json\/wp\/v2\/types\/page"}],"author":[{"embeddable":true,"href":"https:\/\/cpm.osupytheas.fr\/index.php\/wp-json\/wp\/v2\/users\/2"}],"replies":[{"embeddable":true,"href":"https:\/\/cpm.osupytheas.fr\/index.php\/wp-json\/wp\/v2\/comments?post=615"}],"version-history":[{"count":5,"href":"https:\/\/cpm.osupytheas.fr\/index.php\/wp-json\/wp\/v2\/pages\/615\/revisions"}],"predecessor-version":[{"id":667,"href":"https:\/\/cpm.osupytheas.fr\/index.php\/wp-json\/wp\/v2\/pages\/615\/revisions\/667"}],"wp:featuredmedia":[{"embeddable":true,"href":"https:\/\/cpm.osupytheas.fr\/index.php\/wp-json\/wp\/v2\/media\/105"}],"wp:attachment":[{"href":"https:\/\/cpm.osupytheas.fr\/index.php\/wp-json\/wp\/v2\/media?parent=615"}],"curies":[{"name":"wp","href":"https:\/\/api.w.org\/{rel}","templated":true}]}}